0?
True
Does 168 divide 30744?
True
Does 234 divide 16848?
True
Does 16 divide 464?
True
Is 73 a factor of 33069?
True
Is 988 a multiple of 76?
True
Does 20 divide 840?
True
Is 18 a factor of 154?
False
Is 28 a factor of 538?
False
Is 17 a factor of 578?
True
Is 23 a factor of 2737?
True
Is 40822 a multiple of 10?
False
Does 34 divide 850?
True
Does 48 divide 14736?
True
Does 66 divide 449?
False
Is 9 a factor of 75?
False
Is 8 a factor of 3568?
True
Does 9 divide 781?
False
Does 123 divide 7500?
False
Is 1206 a multiple of 112?
False
Does 18 divide 180?
True
Does 10 divide 3437?
False
Is 808 a multiple of 87?
False
Is 21440 a multiple of 16?
True
Is 59 a factor of 740?
False
Is 2720 a multiple of 10?
True
Is 560 a multiple of 3?
False
Is 35 a factor of 3359?
False
Does 166 divide 12284?
True
Is 7 a factor of 597?
False
Does 8 divide 402?
False
Is 3150 a multiple of 14?
True
Does 5 divide 1694?
False
Is 2441 a multiple of 6?
False
Is 198 a factor of 1763?
False
Does 192 divide 18674?
False
Is 5 a factor of 40?
True
Does 6 divide 318?
True
Is 18 a factor of 5076?
True
Does 12 divide 11491?
False
Is 92 a factor of 6255?
False
Is 6 a factor of 302?
False
Is 672 a multiple of 14?
True
Does 33 divide 3414?
False
Does 27 divide 95386?
False
Is 24 a factor of 18094?
False
Is 84 a factor of 1180?
False
Does 45 divide 31770?
True
Does 26 divide 5044?
True
Does 89 divide 3560?
True
Is 33 a factor of 6680?
False
Is 280 a multiple of 8?
True
Does 7 divide 531?
False
Is 70 a multiple of 26?
False
Is 1296 a multiple of 48?
True
Is 1348 a multiple of 13?
False
Is 940 a multiple of 190?
False
Does 57 divide 2052?
True
Does 10 divide 4040?
True
Is 2520 a multiple of 24?
True
Is 63 a multiple of 7?
True
Does 6 divide 600?
True
Does 18 divide 57438?
True
Is 988 a multiple of 38?
True
Does 5 divide 1245?
True
Does 3 divide 312?
True
Is 74 a factor of 3454?
False
Is 49 a factor of 2069?
False
Is 736 a multiple of 46?
True
Does 18 divide 9756?
True
Does 22 divide 98340?
True
Does 19 divide 314?
False
Does 12 divide 238?
False
Is 702 a multiple of 27?
True
Is 18 a factor of 3763?
False
Is 15618 a multiple of 38?
True
Does 120 divide 7412?
False
Is 13 a factor of 299?
True
Is 57 a factor of 399?
True
Does 5 divide 1350?
True
Is 15 a factor of 1476?
False
Is 896 a multiple of 128?
True
Does 5 divide 537?
False
Does 107 divide 37683?
False
Does 16 divide 10187?
False
Is 149 a factor of 22946?
True
Does 7 divide 77?
True
Does 99 divide 2754?
False
Does 26 divide 129485?
False
Is 24136 a multiple of 70?
False
Is 816 a multiple of 24?
True
Is 11 a factor of 4961?
True
Is 82 a factor of 798?
False
Does 3 divide 2236?
False
Does 17 divide 200?
False
Is 10040 a multiple of 4?
True
Does 18 divide 2136?
False
Does 15 divide 975?
True
Is 1792 a multiple of 16?
True
Does 11 divide 91663?
True
Does 25 divide 248?
False
Is 22 a factor of 198?
True
Is 20 a factor of 180?
True
Does 12 divide 14940?
True
Is 16 a factor of 5105?
False
Is 47876 a multiple of 31?
False
Is 129277 a multiple of 26?
False
Is 4 a factor of 116?
True
Does 12 divide 12084?
True
Does 7 divide 485?
False
Does 11 divide 11840?
False
Is 19 a factor of 171?
True
Is 19516 a multiple of 164?
True
Is 8051 a multiple of 45?
False
Is 2057 even?
False
Is 80 a factor of 1216?
False
Is 40 a factor of 1958?
False
Is 1892 a multiple of 11?
True
Is 52821 a multiple of 9?
True
Is 52 a factor of 394?
False
Is 11 a factor of 10344?
False
Does 7 divide 1998?
False
Is 1530 a multiple of 15?
True
Is 43668 a multiple of 12?
True
Does 32 divide 4215?
False
Is 1539 a multiple of 81?
True
Is 6 a factor of 225?
False
Is 270 a factor of 47520?
True
Is 10 a factor of 13820?
True
Is 30 a factor of 6030?
True
Is 23051 a multiple of 89?
True
Is 6 a factor of 142?
False
Is 38 a factor of 3610?
True
Is 6 a factor of 4607?
False
Is 5618 a multiple of 53?
True
Is 8136 a multiple of 12?
True
Is 23 a factor of 2188?
False
Is 16 a factor of 42336?
True
Is 4914 a multiple of 126?
True
Does 10 divide 3919?
False
Is 33332 a multiple of 79?
False
Is 3372 a multiple of 5?
False
Is 16 a factor of 6384?
True
Does 140 divide 7000?
True
Is 53 a factor of 2205?
False
Is 2 a multiple of 2?
True
Is 2026 a multiple of 9?
False
Does 356 divide 106023?
False
Does 14 divide 1425?
False
Is 153 a multiple of 8?
False
Is 768 a multiple of 24?
True
Does 92 divide 4025?
False
Is 7645 a multiple of 173?
False
Is 7 a factor of 275?
False
Is 29 a factor of 3045?
True
Is 936 a multiple of 18?
True
Is 11 a factor of 121?
True
Is 101 a factor of 8076?
False
Does 38 divide 114?
True
Is 17 a factor of 663?
True
Does 61 divide 5172?
False
Does 21 divide 19826?
False
Is 51 a factor of 1836?
True
Is 24 a multiple of 6?
True
Is 5292 a multiple of 6?
True
Is 16 a factor of 32?
True
Is 15 a factor of 135?
True
Is 19 a factor of 26191?
False
Is 24 a factor of 1968?
True
Does 22 divide 506?
True
Is 20 a factor of 2906?
False
Does 4 divide 164?
True
Is 141 a factor of 1975?
False
Is 1560 a multiple of 20?
True
Is 16224 a multiple of 9?
False
Is 305 a multiple of 65?
False
Is 54 a factor of 918?
True
Is 10 a factor of 570?
True
Is 5 a factor of 83?
False
Does 74 divide 133718?
True
Is 44 a factor of 4796?
True
Does 24 divide 613?
False
Does 12 divide 5664?
True
Is 46 a factor of 3133?
False
Is 34 a factor of 170?
True
Is 26 a factor of 3926?
True
Does 71 divide 781?
True
Is 4551 a multiple of 9?
False
Does 4 divide 778?
False
Does 4 divide 24?
True
Is 38 a factor of 1292?
True
Is 166 a factor of 14442?
True
Is 50 a factor of 3499?
False
Is 17276 a multiple of 264?
False
Does 12 divide 23274?
False
Is 5324 a multiple of 5?
False
Is 780 a multiple of 6?
True
Is 12 a factor of 3612?
True
Is 48267 a multiple of 279?
True
Does 20 divide 5460?
True
Does 97 divide 5044?
True
Is 9507 a multiple of 52?
False
Is 20 a factor of 300?
True
Does 7 divide 343?
True
Is 378 a multiple of 9?
True
Is 20 a factor of 3806?
False
Does 7 divide 563?
False
Is 26512 a multiple of 24?
False
Is 1792 a multiple of 56?
True
Is 4 a factor of 5?
False
Is 2016 a multiple of 4?
True
Is 152 a factor of 1533?
False
Does 25 divide 6925?
True
Is 2016 a multiple of 12?
True
Is 48 a factor of 19200?
True
Is 48 a factor of 1680?
True
Is 10 a factor of 4068?
False
Is 7086 a multiple of 57?
False
Is 6 a factor of 30600?
True
Is 158 a factor of 49138?
True
Is 5 a factor of 185?
True
Does 84 divide 13104?
True
Is 54 a factor of 8417?
False
Is 90 a factor of 19980?
True
Does 6 divide 79?
False
Is 220 a multiple of 20?
True
Is 378 a multiple of 63?
True
Does 74 divide 26639?
False
Is 7395 a multiple of 15?
True
Is 6 a factor of 306?
True
Does 13 divide 2058?
False
Is 81 a factor of 5589?
True
Is 2209 a multiple of 66?
False
Is 14470 a multiple of 81?
False
Does 10 divide 1378?
False
Is 35 a factor of 1680?
True
Does 25 divide 1357?
False
Does 48 divide 56272?
False
Does 46 divide 6256?
True
Is 24 a factor of 1172?
False
Is 43 a factor of 430?
True
Is 9 a factor of 1116?
True
Is 2480 a multiple of 16?
True
Is 7 a factor of 29330?
True
Does 4 divide 316?
True
Does 9 divide 2025?
True
Is 590 a multiple of 10?
True
Does 28 divide 682?
False
Does 33 divide 238?
False
Is 2 a factor of 213?
False
Does 20 divide 1180?
True
Is 195 even?
False
Is 135 a factor of 945?
True
Is 3 a factor of 8934?
True
Is 144 a factor of 64600?
False
Is 2 a factor of 7812?
True
Is 9 a factor of 84?
False
Does 11 divide 45969?
True
Is 15 a factor of 844?
False
Is 1629 a multiple of 7?
False
Does 32 divide 384?
True
Is 9104 a multiple of 22?
False
Does 52 divide 1404?
True
Is 22509 a multiple of 41?
True
Does 76 divide 684?
True
Is 28056 a multiple of 28?
True
Is 9 a factor of 885?
False
Does 27 divide 270?
True
Is 403 a multiple of 31?
True
Is 8 a factor of 2460?
False
Is 1844 a multiple of 4?
True
Does 10 divide 283?
False
Is 1931 a multiple of 8?
False
Is 15 a factor of 585?
True
Is 216 a factor of 15096?
False
Is 4 a factor of 196?
True
Is 12461 a multiple of 65?
False
Is 2236 a multiple of 26?
True
Is 19 a factor of 15583?
False
Is 113444 a multiple of 64?
False
Does 9 divide 528?
False
Is 4122 a multiple of 18?
True
Is 5144 a multiple of 4?
True
Is 165 a multiple of 33?
True
Is 45290 a multiple of 42?
False
Is 5050 a multiple of 125?
False
Is 15 a fac